{"id":168,"date":"2022-03-07T17:21:33","date_gmt":"2022-03-07T16:21:33","guid":{"rendered":"https:\/\/v-comp.ch.webhost.v-comp.ch\/?page_id=168"},"modified":"2023-03-26T18:16:50","modified_gmt":"2023-03-26T16:16:50","slug":"uzemeltetes","status":"publish","type":"page","link":"https:\/\/v-comp.ch.webhost.v-comp.ch\/?page_id=168&lang=hu","title":{"rendered":"\u00dczemeltet\u00e9s, Karbantart\u00e1s"},"content":{"rendered":"\n<div class=\"wp-block-columns is-layout-flex wp-container-core-columns-is-layout-9d6595d7 wp-block-columns-is-layout-flex\">\n<div class=\"wp-block-column is-layout-flow wp-block-column-is-layout-flow\" style=\"flex-basis:33.33%\">\n<figure class=\"wp-block-image size-full\"><img loading=\"lazy\" decoding=\"async\" width=\"290\" height=\"148\" src=\"http:\/\/v-comp.ch.webhost.v-comp.ch\/wp-content\/uploads\/2022\/03\/szerverszoba.jpg\" alt=\"\" class=\"wp-image-199\"\/><\/figure>\n<\/div>\n\n\n\n<div class=\"wp-block-column is-layout-flow wp-block-column-is-layout-flow\" style=\"flex-basis:66.66%\">\n<p class=\"has-text-align-justify\">A megold\u00e1sok \u00fczembehelyez\u00e9se ut\u00e1n egy kontroll\u00e1lt \u00fczemmenetet kell biztos\u00edtani. Az esetlegesen fell\u00e9p\u0151 probl\u00e9m\u00e1kat fel kell ismerni &#8211; lehet\u0151leg m\u00e9g a felhaszn\u00e1l\u00f3k el\u0151tt&nbsp; \u00e9s ezek jav\u00edt\u00e1s\u00e1r\u00f3l, megel\u0151z\u00e9s\u00e9r\u0151l gondoskodni kell.<\/p>\n\n\n\n<p class=\"has-text-align-justify\">A rendszerfel\u00fcgyeletben szerzett tapasztalatunkra \u00e9s kompetenci\u00e1nkra alapozva szem\u00e9lyre szabott \u00e9s kedvez\u0151 \u00e1r\u00fa alternat\u00edv\u00e1kat k\u00edn\u00e1lunk a probl\u00e9m\u00e1k megold\u00e1s\u00e1ra. A fel\u00fcgyelet alatt az oper\u00e1ci\u00f3s rendszer szint\u0171 er\u0151forr\u00e1s fel\u00fcgyelett\u0151l indulva, az alkalmaz\u00e1s komponensek r\u00e9szletes elemz\u00e9s\u00e9n kereszt\u00fcl a szolg\u00e1ltat\u00e1sok \u00fczemk\u00e9pess\u00e9g\u00e9nek vizsg\u00e1latig teljesk\u00f6r\u0171 fel\u00fcgyeletet k\u00edn\u00e1lunk. A monitoroz\u00e1si funkci\u00f3k mellett a riaszt\u00e1si megold\u00e1sokat a megrendel\u0151 technikai felszerelts\u00e9ge \u00e9s ig\u00e9nye szerint e-mail, sms, telefon vagy az ismert fel\u00fcgyeleti rendszerek (BigBrother, HP OpenView, \u2026) integr\u00e1l\u00e1s\u00e1t is v\u00e1llaljuk.<\/p>\n<\/div>\n<\/div>\n","protected":false},"excerpt":{"rendered":"<p>A megold\u00e1sok \u00fczembehelyez\u00e9se ut\u00e1n egy kontroll\u00e1lt \u00fczemmenetet kell biztos\u00edtani. Az esetlegesen fell\u00e9p\u0151 probl\u00e9m\u00e1kat fel kell ismerni &#8211; lehet\u0151leg m\u00e9g a felhaszn\u00e1l\u00f3k el\u0151tt&nbsp; \u00e9s ezek jav\u00edt\u00e1s\u00e1r\u00f3l, megel\u0151z\u00e9s\u00e9r\u0151l gondoskodni kell. A rendszerfel\u00fcgyeletben szerzett tapasztalatunkra \u00e9s kompetenci\u00e1nkra alapozva szem\u00e9lyre szabott \u00e9s kedvez\u0151 \u00e1r\u00fa alternat\u00edv\u00e1kat k\u00edn\u00e1lunk a probl\u00e9m\u00e1k megold\u00e1s\u00e1ra. A fel\u00fcgyelet alatt az oper\u00e1ci\u00f3s rendszer szint\u0171 er\u0151forr\u00e1s fel\u00fcgyelett\u0151l indulva, &hellip; <a href=\"https:\/\/v-comp.ch.webhost.v-comp.ch\/?page_id=168&#038;lang=hu\" class=\"more-link\">Continue reading<span class=\"screen-reader-text\"> &#8220;\u00dczemeltet\u00e9s, Karbantart\u00e1s&#8221;<\/span><\/a><\/p>\n","protected":false},"author":1,"featured_media":0,"parent":0,"menu_order":0,"comment_status":"closed","ping_status":"closed","template":"","meta":{"_editorskit_title_hidden":false,"_editorskit_reading_time":0,"_editorskit_is_block_options_detached":false,"_editorskit_block_options_position":"{}","footnotes":""},"class_list":["post-168","page","type-page","status-publish","hentry"],"_links":{"self":[{"href":"https:\/\/v-comp.ch.webhost.v-comp.ch\/index.php?rest_route=\/wp\/v2\/pages\/168","targetHints":{"allow":["GET"]}}],"collection":[{"href":"https:\/\/v-comp.ch.webhost.v-comp.ch\/index.php?rest_route=\/wp\/v2\/pages"}],"about":[{"href":"https:\/\/v-comp.ch.webhost.v-comp.ch\/index.php?rest_route=\/wp\/v2\/types\/page"}],"author":[{"embeddable":true,"href":"https:\/\/v-comp.ch.webhost.v-comp.ch\/index.php?rest_route=\/wp\/v2\/users\/1"}],"replies":[{"embeddable":true,"href":"https:\/\/v-comp.ch.webhost.v-comp.ch\/index.php?rest_route=%2Fwp%2Fv2%2Fcomments&post=168"}],"version-history":[{"count":6,"href":"https:\/\/v-comp.ch.webhost.v-comp.ch\/index.php?rest_route=\/wp\/v2\/pages\/168\/revisions"}],"predecessor-version":[{"id":608,"href":"https:\/\/v-comp.ch.webhost.v-comp.ch\/index.php?rest_route=\/wp\/v2\/pages\/168\/revisions\/608"}],"wp:attachment":[{"href":"https:\/\/v-comp.ch.webhost.v-comp.ch\/index.php?rest_route=%2Fwp%2Fv2%2Fmedia&parent=168"}],"curies":[{"name":"wp","href":"https:\/\/api.w.org\/{rel}","templated":true}]}}