{"id":88,"date":"2022-03-07T15:07:29","date_gmt":"2022-03-07T14:07:29","guid":{"rendered":"https:\/\/v-comp.ch.webhost.v-comp.ch\/?page_id=88"},"modified":"2023-03-26T18:09:04","modified_gmt":"2023-03-26T16:09:04","slug":"megkozelites","status":"publish","type":"page","link":"https:\/\/v-comp.ch.webhost.v-comp.ch\/?page_id=88&lang=hu","title":{"rendered":"Megk\u00f6zel\u00edt\u00e9s"},"content":{"rendered":"\n<div class=\"wp-block-columns is-layout-flex wp-container-core-columns-is-layout-9d6595d7 wp-block-columns-is-layout-flex\">\n<div class=\"wp-block-column is-layout-flow wp-block-column-is-layout-flow\" style=\"flex-basis:33.33%\"><\/div>\n\n\n\n<div class=\"wp-block-column is-layout-flow wp-block-column-is-layout-flow\" style=\"flex-basis:66.66%\">\n<p class=\"has-text-align-justify\">Bern, mint Sv\u00e1jc f\u0151v\u00e1rosa k\u00f6nnyen el\u00e9rhet\u0151. Irod\u00e1nk aut\u00f3val \u00e9rkez\u0151k r\u00e9sz\u00e9re az A12 aut\u00f3p\u00e1lya Niederwangen lej\u00e1rat\u00e1n\u00e1l k\u00f6zel\u00edthet\u0151 meg leggyorsabban.<\/p>\n\n\n\n<p class=\"has-text-align-justify\">A dug\u00f3k elker\u00fcl\u00e9s\u00e9re a vonatk\u00f6zleked\u00e9st aj\u00e1nljuk.<br>Irod\u00e1nk Bern f\u0151p\u00e1lyaudvarr\u00f3l az S1 vagy S2 S-Bahn vonatokkal Fribourg ir\u00e1ny\u00e1ban a B\u00fcmpliz-S\u00fcd meg\u00e1ll\u00f3t\u00f3l k\u00f6zel\u00edthet\u0151 meg.<br>A f\u0151p\u00e1lyaudvarr\u00f3l a 7-es sz\u00e1m\u00fa villamossal a Bachm\u00e4tteli \u00e1llom\u00e1sig kell utazni.<\/p>\n\n\n\n<p class=\"has-text-align-justify\">Irod\u00e1nk a Wangenstrasse 45c c\u00edm alatt tal\u00e1lhat\u00f3 Bern B\u00fcmpliz ker\u00fclet\u00e9ben.<\/p>\n\n\n\n<p><\/p>\n<\/div>\n<\/div>\n\n\n\n<p><\/p>\n","protected":false},"excerpt":{"rendered":"<p>Bern, mint Sv\u00e1jc f\u0151v\u00e1rosa k\u00f6nnyen el\u00e9rhet\u0151. Irod\u00e1nk aut\u00f3val \u00e9rkez\u0151k r\u00e9sz\u00e9re az A12 aut\u00f3p\u00e1lya Niederwangen lej\u00e1rat\u00e1n\u00e1l k\u00f6zel\u00edthet\u0151 meg leggyorsabban. A dug\u00f3k elker\u00fcl\u00e9s\u00e9re a vonatk\u00f6zleked\u00e9st aj\u00e1nljuk.Irod\u00e1nk Bern f\u0151p\u00e1lyaudvarr\u00f3l az S1 vagy S2 S-Bahn vonatokkal Fribourg ir\u00e1ny\u00e1ban a B\u00fcmpliz-S\u00fcd meg\u00e1ll\u00f3t\u00f3l k\u00f6zel\u00edthet\u0151 meg.A f\u0151p\u00e1lyaudvarr\u00f3l a 7-es sz\u00e1m\u00fa villamossal a Bachm\u00e4tteli \u00e1llom\u00e1sig kell utazni. Irod\u00e1nk a Wangenstrasse 45c c\u00edm alatt &hellip; <a href=\"https:\/\/v-comp.ch.webhost.v-comp.ch\/?page_id=88&#038;lang=hu\" class=\"more-link\">Continue reading<span class=\"screen-reader-text\"> &#8220;Megk\u00f6zel\u00edt\u00e9s&#8221;<\/span><\/a><\/p>\n","protected":false},"author":1,"featured_media":0,"parent":0,"menu_order":0,"comment_status":"closed","ping_status":"closed","template":"","meta":{"_editorskit_title_hidden":false,"_editorskit_reading_time":0,"_editorskit_is_block_options_detached":false,"_editorskit_block_options_position":"{}","footnotes":""},"class_list":["post-88","page","type-page","status-publish","hentry"],"_links":{"self":[{"href":"https:\/\/v-comp.ch.webhost.v-comp.ch\/index.php?rest_route=\/wp\/v2\/pages\/88","targetHints":{"allow":["GET"]}}],"collection":[{"href":"https:\/\/v-comp.ch.webhost.v-comp.ch\/index.php?rest_route=\/wp\/v2\/pages"}],"about":[{"href":"https:\/\/v-comp.ch.webhost.v-comp.ch\/index.php?rest_route=\/wp\/v2\/types\/page"}],"author":[{"embeddable":true,"href":"https:\/\/v-comp.ch.webhost.v-comp.ch\/index.php?rest_route=\/wp\/v2\/users\/1"}],"replies":[{"embeddable":true,"href":"https:\/\/v-comp.ch.webhost.v-comp.ch\/index.php?rest_route=%2Fwp%2Fv2%2Fcomments&post=88"}],"version-history":[{"count":7,"href":"https:\/\/v-comp.ch.webhost.v-comp.ch\/index.php?rest_route=\/wp\/v2\/pages\/88\/revisions"}],"predecessor-version":[{"id":597,"href":"https:\/\/v-comp.ch.webhost.v-comp.ch\/index.php?rest_route=\/wp\/v2\/pages\/88\/revisions\/597"}],"wp:attachment":[{"href":"https:\/\/v-comp.ch.webhost.v-comp.ch\/index.php?rest_route=%2Fwp%2Fv2%2Fmedia&parent=88"}],"curies":[{"name":"wp","href":"https:\/\/api.w.org\/{rel}","templated":true}]}}